{"id":8975,"date":"2022-01-26T10:14:06","date_gmt":"2022-01-26T09:14:06","guid":{"rendered":"https:\/\/ladymsardegna.com\/?post_type=product&#038;p=8975"},"modified":"2025-11-20T17:14:22","modified_gmt":"2025-11-20T16:14:22","slug":"mamuthones-de-madera-mascara-de-pared","status":"publish","type":"product","link":"https:\/\/www.ladymsardegna.com\/es\/negozio\/maschera-sarda\/maschera-legno-mamuthones-da-parete\/","title":{"rendered":"Mamuthones Larga m\u00e1scara de pared de madera en 4 tama\u00f1os"},"content":{"rendered":"<p>M\u00e1scara decorativa t\u00edpica de Cerde\u00f1a mamuthones<\/p>\n<p>El objeto en venta es:<\/p>\n<p>original<\/p>\n<p>completo con caja y garant\u00eda si procede<\/p>\n<p>acompa\u00f1ado de un recibo o factura, previa solicitud<\/p>","protected":false},"excerpt":{"rendered":"<p><strong>Mamuthones Larga M\u00e1scara :<\/strong><\/p>\n<ul>\n<li>De madera tallada<\/li>\n<li>Cord\u00f3n de cuero para colgar<\/li>\n<li>Tratamiento manual<\/li>\n<li>Dimensiones 11 x 14 cm<\/li>\n<li>Tama\u00f1o 13 x 17 cm<\/li>\n<li>Tama\u00f1o 14 x 20 cm<\/li>\n<li>Tama\u00f1o 16 x 23 cm<\/li>\n<\/ul>","protected":false},"featured_media":14774,"comment_status":"open","ping_status":"closed","template":"","meta":[],"product_cat":[449],"product_tag":[],"class_list":{"0":"post-8975","1":"product","2":"type-product","3":"status-publish","4":"has-post-thumbnail","6":"product_cat-maschera-sarda","8":"first","9":"instock","10":"shipping-taxable","11":"purchasable","12":"product-type-variable","13":"col-xs-6 col-sm-4","14":"col-md-3 col-lg-3","15":"un-4-cols"},"_links":{"self":[{"href":"https:\/\/www.ladymsardegna.com\/es\/wp-json\/wp\/v2\/product\/8975","targetHints":{"allow":["GET"]}}],"collection":[{"href":"https:\/\/www.ladymsardegna.com\/es\/wp-json\/wp\/v2\/product"}],"about":[{"href":"https:\/\/www.ladymsardegna.com\/es\/wp-json\/wp\/v2\/types\/product"}],"replies":[{"embeddable":true,"href":"https:\/\/www.ladymsardegna.com\/es\/wp-json\/wp\/v2\/comments?post=8975"}],"wp:featuredmedia":[{"embeddable":true,"href":"https:\/\/www.ladymsardegna.com\/es\/wp-json\/wp\/v2\/media\/14774"}],"wp:attachment":[{"href":"https:\/\/www.ladymsardegna.com\/es\/wp-json\/wp\/v2\/media?parent=8975"}],"wp:term":[{"taxonomy":"product_cat","embeddable":true,"href":"https:\/\/www.ladymsardegna.com\/es\/wp-json\/wp\/v2\/product_cat?post=8975"},{"taxonomy":"product_tag","embeddable":true,"href":"https:\/\/www.ladymsardegna.com\/es\/wp-json\/wp\/v2\/product_tag?post=8975"}],"curies":[{"name":"wp","href":"https:\/\/api.w.org\/{rel}","templated":true}]}}

Mamuthones Larga máscara de pared de madera en 4 tamaños

<p>Máscara decorativa típica de Cerdeña mamuthones</p>
<p>El objeto en venta es:</p>
<p>original</p>
<p>completo con caja y garantía si procede</p>
<p>acompañado de un recibo o factura, previa solicitud</p>

<p><strong>Mamuthones Larga Máscara :</strong></p>
<ul>
<li>De madera tallada</li>
<li>Cordón de cuero para colgar</li>
<li>Tratamiento manual</li>
<li>Dimensiones 11 x 14 cm</li>
<li>Tamaño 13 x 17 cm</li>
<li>Tamaño 14 x 20 cm</li>
<li>Tamaño 16 x 23 cm</li>
</ul>
