{"id":6124,"date":"2022-01-26T09:56:18","date_gmt":"2022-01-26T08:56:18","guid":{"rendered":"https:\/\/ladymsardegna.com\/?post_type=product&#038;p=6124"},"modified":"2025-01-01T19:13:44","modified_gmt":"2025-01-01T18:13:44","slug":"broche-de-filigrana-kokos-sabegia-en-coccu","status":"publish","type":"product","link":"https:\/\/www.ladymsardegna.com\/es\/negozio\/gioielli-sardi\/su-coccu-onice\/spille-su-coccu-onice\/spilla-passeggino-su-coccu-kokos-sabegia-in-filigrana\/","title":{"rendered":"Spilla da passeggino su grande coccu Filu&#038;Trama in filigrana grande in 3 colori assortiti"},"content":{"rendered":"<p><strong>Broche de plata en forma de cuna con esfera de \u00f3nice \"Su Coccu\" y coral decorativo. Una espl\u00e9ndida pieza de joyer\u00eda artesanal de Cerde\u00f1a con elaboraci\u00f3n en filigrana.<\/strong><\/p>\n<p>Significado simb\u00f3lico de \"Su Coccu\": amuleto sardo de gran artesan\u00eda, realizado por un artesano y devoto sardo. Su Coccu sirve para proteger contra el mal de ojo; de hecho, la piedra absorbe las influencias negativas. Tradicionalmente, la piedra es de obsidiana u \u00f3nice y est\u00e1 montada sobre plata. Se lleva bajo la ropa, como un colgante, y es un poderoso amuleto contra el mal de ojo. Se dice que si las influencias negativas son demasiado fuertes, el coccu se rompe pero la persona permanece ilesa. Su Coccu, montado en un broche de plata finamente trabajado a mano, se entrega a los reci\u00e9n nacidos para protegerlos de la envidia y el mal de ojo. Se prende en la cuna, el cochecito o la ropa, y absorbe las energ\u00edas negativas. Tambi\u00e9n puede regalarse a una novia para protegerla a ella y a su relaci\u00f3n, o a un ser querido afectado por el mal de ojo.<\/p>","protected":false},"excerpt":{"rendered":"<p><strong>Broche de filigrana de \u00f3nice sardo y coral :<\/strong><\/p>\n<ul>\n<li>Fabricado en plata 800\u2030.<\/li>\n<li>Piedra de \u00f3nix de 10 mm de di\u00e1metro con coral<\/li>\n<li>Tratamiento de microfusi\u00f3n de filigrana<\/li>\n<li>Colgante de cuna de cochecito con alfiler<\/li>\n<li>Dimensiones 7,5 x 4,3 cm<\/li>\n<\/ul>","protected":false},"featured_media":6151,"comment_status":"open","ping_status":"closed","template":"","meta":[],"product_cat":[77,207,175],"product_tag":[],"class_list":{"0":"post-6124","1":"product","2":"type-product","3":"status-publish","4":"has-post-thumbnail","6":"product_brand-filutrama","7":"product_cat-gioielli-sardi","8":"product_cat-spille-su-coccu-onice","9":"product_cat-su-coccu-onice","11":"first","12":"instock","13":"shipping-taxable","14":"purchasable","15":"product-type-variable","16":"col-xs-6 col-sm-4","17":"col-md-3 col-lg-3","18":"un-4-cols"},"_links":{"self":[{"href":"https:\/\/www.ladymsardegna.com\/es\/wp-json\/wp\/v2\/product\/6124","targetHints":{"allow":["GET"]}}],"collection":[{"href":"https:\/\/www.ladymsardegna.com\/es\/wp-json\/wp\/v2\/product"}],"about":[{"href":"https:\/\/www.ladymsardegna.com\/es\/wp-json\/wp\/v2\/types\/product"}],"replies":[{"embeddable":true,"href":"https:\/\/www.ladymsardegna.com\/es\/wp-json\/wp\/v2\/comments?post=6124"}],"wp:featuredmedia":[{"embeddable":true,"href":"https:\/\/www.ladymsardegna.com\/es\/wp-json\/wp\/v2\/media\/6151"}],"wp:attachment":[{"href":"https:\/\/www.ladymsardegna.com\/es\/wp-json\/wp\/v2\/media?parent=6124"}],"wp:term":[{"taxonomy":"product_cat","embeddable":true,"href":"https:\/\/www.ladymsardegna.com\/es\/wp-json\/wp\/v2\/product_cat?post=6124"},{"taxonomy":"product_tag","embeddable":true,"href":"https:\/\/www.ladymsardegna.com\/es\/wp-json\/wp\/v2\/product_tag?post=6124"}],"curies":[{"name":"wp","href":"https:\/\/api.w.org\/{rel}","templated":true}]}}

<p><strong>Broche de plata en forma de cuna con esfera de ónice "Su Coccu" y coral decorativo. Una espléndida pieza de joyería artesanal de Cerdeña con elaboración en filigrana.</strong></p>
<p>Significado simbólico de "Su Coccu": amuleto sardo de gran artesanía, realizado por un artesano y devoto sardo. Su Coccu sirve para proteger contra el mal de ojo; de hecho, la piedra absorbe las influencias negativas. Tradicionalmente, la piedra es de obsidiana u ónice y está montada sobre plata. Se lleva bajo la ropa, como un colgante, y es un poderoso amuleto contra el mal de ojo. Se dice que si las influencias negativas son demasiado fuertes, el coccu se rompe pero la persona permanece ilesa. Su Coccu, montado en un broche de plata finamente trabajado a mano, se entrega a los recién nacidos para protegerlos de la envidia y el mal de ojo. Se prende en la cuna, el cochecito o la ropa, y absorbe las energías negativas. También puede regalarse a una novia para protegerla a ella y a su relación, o a un ser querido afectado por el mal de ojo.</p>

<p><strong>Broche de filigrana de ónice sardo y coral :</strong></p>
<ul>
<li>Fabricado en plata 800‰.</li>
<li>Piedra de ónix de 10 mm de diámetro con coral</li>
<li>Tratamiento de microfusión de filigrana</li>
<li>Colgante de cuna de cochecito con alfiler</li>
<li>Dimensiones 7,5 x 4,3 cm</li>
</ul>
