{"id":5510,"date":"2022-01-26T09:52:35","date_gmt":"2022-01-26T08:52:35","guid":{"rendered":"https:\/\/ladymsardegna.com\/?post_type=product&#038;p=5510"},"modified":"2026-01-25T21:01:11","modified_gmt":"2026-01-25T20:01:11","slug":"colgante-de-plata-satinada-sardinia","status":"publish","type":"product","link":"https:\/\/www.ladymsardegna.com\/es\/negozio\/gioielli-sardi\/filigrana-sarda-argento\/ciondoli\/ciondolo-sardegna-satinata-in-argento\/","title":{"rendered":"Ciondolo Sardegna Trama filigrana lavorata In Argento dorato"},"content":{"rendered":"<p>&nbsp;<\/p>\n<p>Colgante de plata 800%\u00b0\u00b0 que representa el contorno de Cerde\u00f1a y sus provincias o con el sistema monta\u00f1oso Creado en varios tama\u00f1os peque\u00f1o mediano y grande.<\/p>\n<p>&nbsp;<\/p>\n<p>El objeto en venta es:<\/p>\n<ul>\n<li>original<\/li>\n<li>completo con caja y garant\u00eda si procede<\/li>\n<li>acompa\u00f1ado de un recibo o factura, previa solicitud<\/li>\n<\/ul>","protected":false},"excerpt":{"rendered":"<p><strong>Ciondolo Pendente Sardegna filigrana :<\/strong><\/p>\n<ul>\n<li>De plata 800%<\/li>\n<li>Artesan\u00eda sarda en microfusi\u00f3n<\/li>\n<li>Dimensioni del pendente 3,2 x 1,2 cm<\/li>\n<\/ul>","protected":false},"featured_media":19591,"comment_status":"open","ping_status":"closed","template":"","meta":[],"product_cat":[189,104],"product_tag":[],"class_list":{"0":"post-5510","1":"product","2":"type-product","3":"status-publish","4":"has-post-thumbnail","6":"product_cat-ciondoli","7":"product_cat-filigrana-sarda-argento","9":"first","10":"instock","11":"shipping-taxable","12":"purchasable","13":"product-type-simple","14":"col-xs-6 col-sm-4","15":"col-md-3 col-lg-3","16":"un-4-cols"},"_links":{"self":[{"href":"https:\/\/www.ladymsardegna.com\/es\/wp-json\/wp\/v2\/product\/5510","targetHints":{"allow":["GET"]}}],"collection":[{"href":"https:\/\/www.ladymsardegna.com\/es\/wp-json\/wp\/v2\/product"}],"about":[{"href":"https:\/\/www.ladymsardegna.com\/es\/wp-json\/wp\/v2\/types\/product"}],"replies":[{"embeddable":true,"href":"https:\/\/www.ladymsardegna.com\/es\/wp-json\/wp\/v2\/comments?post=5510"}],"wp:featuredmedia":[{"embeddable":true,"href":"https:\/\/www.ladymsardegna.com\/es\/wp-json\/wp\/v2\/media\/19591"}],"wp:attachment":[{"href":"https:\/\/www.ladymsardegna.com\/es\/wp-json\/wp\/v2\/media?parent=5510"}],"wp:term":[{"taxonomy":"product_cat","embeddable":true,"href":"https:\/\/www.ladymsardegna.com\/es\/wp-json\/wp\/v2\/product_cat?post=5510"},{"taxonomy":"product_tag","embeddable":true,"href":"https:\/\/www.ladymsardegna.com\/es\/wp-json\/wp\/v2\/product_tag?post=5510"}],"curies":[{"name":"wp","href":"https:\/\/api.w.org\/{rel}","templated":true}]}}

<p>&nbsp;</p>
<p>Colgante de plata 800%°° que representa el contorno de Cerdeña y sus provincias o con el sistema montañoso Creado en varios tamaños pequeño mediano y grande.</p>
<p>&nbsp;</p>
<p>El objeto en venta es:</p>
<ul>
<li>original</li>
<li>completo con caja y garantía si procede</li>
<li>acompañado de un recibo o factura, previa solicitud</li>
</ul>

<p><strong>Ciondolo Pendente Sardegna filigrana :</strong></p>
<ul>
<li>De plata 800%</li>
<li>Artesanía sarda en microfusión</li>
<li>Dimensioni del pendente 3,2 x 1,2 cm</li>
</ul>
