{"id":19557,"date":"2026-01-20T16:03:22","date_gmt":"2026-01-20T15:03:22","guid":{"rendered":"https:\/\/ladymsardegna.com\/?post_type=product&#038;p=19557"},"modified":"2026-01-20T16:09:20","modified_gmt":"2026-01-20T15:09:20","slug":"katane-100-cm-da-esposizione-con-lama-non-affilata-in-3-colori-a-scelta","status":"publish","type":"product","link":"https:\/\/www.ladymsardegna.com\/es\/negozio\/coltelleria\/katane\/katane-100-cm-da-esposizione-con-lama-non-affilata-in-3-colori-a-scelta\/","title":{"rendered":"Katane 100 cm da esposizione con lama non affilata in 3 colori a scelta"},"content":{"rendered":"<p>este Kukri presenta la ic\u00f3nica curva de la forma Ghurkha que se traduce en una potencia de corte excepcional. Este machete es una hoja pesada con un grosor monstruoso de 5 mm que mejora a\u00fan m\u00e1s la facilidad con la que corta a trav\u00e9s de la maleza.<\/p>\n<p>Completo con piedra de afilar de grano de diamante y funda de nylon duradera con inserto moldeado para facilitar el desenfundado y el recubrimiento, m\u00faltiples opciones de fijaci\u00f3n, art\u00edculo adorable<\/p>\n<p>El objeto en venta es:<\/p>\n<p>original<\/p>\n<p>completo con caja y garant\u00eda si procede<\/p>\n<p>acompa\u00f1ado de un recibo o factura, previa solicitud<\/p>","protected":false},"excerpt":{"rendered":"<p><strong>Katana :<\/strong><\/p>\n<ul>\n<li>Lama in acciaio non affilato<\/li>\n<li>Manico intreciato cordaa e fodero legno<\/li>\n<li>Dimensioni Grande\u00a0 100 cm lama 74 cm<\/li>\n<li>Spessore lama 4 mm<\/li>\n<\/ul>\n<p>&nbsp;<\/p>\n<p>&nbsp;<\/p>","protected":false},"featured_media":19562,"comment_status":"open","ping_status":"closed","template":"","meta":[],"product_cat":[73,470],"product_tag":[149],"class_list":{"0":"post-19557","1":"product","2":"type-product","3":"status-publish","4":"has-post-thumbnail","6":"product_cat-coltelleria","7":"product_cat-katane","8":"product_tag-gerber","10":"first","11":"instock","12":"shipping-taxable","13":"purchasable","14":"product-type-variable","15":"col-xs-6 col-sm-4","16":"col-md-3 col-lg-3","17":"un-4-cols"},"_links":{"self":[{"href":"https:\/\/www.ladymsardegna.com\/es\/wp-json\/wp\/v2\/product\/19557","targetHints":{"allow":["GET"]}}],"collection":[{"href":"https:\/\/www.ladymsardegna.com\/es\/wp-json\/wp\/v2\/product"}],"about":[{"href":"https:\/\/www.ladymsardegna.com\/es\/wp-json\/wp\/v2\/types\/product"}],"replies":[{"embeddable":true,"href":"https:\/\/www.ladymsardegna.com\/es\/wp-json\/wp\/v2\/comments?post=19557"}],"wp:featuredmedia":[{"embeddable":true,"href":"https:\/\/www.ladymsardegna.com\/es\/wp-json\/wp\/v2\/media\/19562"}],"wp:attachment":[{"href":"https:\/\/www.ladymsardegna.com\/es\/wp-json\/wp\/v2\/media?parent=19557"}],"wp:term":[{"taxonomy":"product_cat","embeddable":true,"href":"https:\/\/www.ladymsardegna.com\/es\/wp-json\/wp\/v2\/product_cat?post=19557"},{"taxonomy":"product_tag","embeddable":true,"href":"https:\/\/www.ladymsardegna.com\/es\/wp-json\/wp\/v2\/product_tag?post=19557"}],"curies":[{"name":"wp","href":"https:\/\/api.w.org\/{rel}","templated":true}]}}

<p>este Kukri presenta la icónica curva de la forma Ghurkha que se traduce en una potencia de corte excepcional. Este machete es una hoja pesada con un grosor monstruoso de 5 mm que mejora aún más la facilidad con la que corta a través de la maleza.</p>
<p>Completo con piedra de afilar de grano de diamante y funda de nylon duradera con inserto moldeado para facilitar el desenfundado y el recubrimiento, múltiples opciones de fijación, artículo adorable</p>
<p>El objeto en venta es:</p>
<p>original</p>
<p>completo con caja y garantía si procede</p>
<p>acompañado de un recibo o factura, previa solicitud</p>
