{"id":12910,"date":"2022-06-30T18:43:01","date_gmt":"2022-06-30T16:43:01","guid":{"rendered":"https:\/\/ladymsardegna.com\/?post_type=product&#038;p=12910"},"modified":"2025-08-09T18:19:36","modified_gmt":"2025-08-09T16:19:36","slug":"boes-sardas-tradicionales-merdules-mascara-de-madera-3-tamanos-de-pared-2","status":"publish","type":"product","link":"https:\/\/www.ladymsardegna.com\/es\/negozio\/maschera-sarda\/maschera-in-legno-boes-merdules-tradizionale-sarda-3-misure-da-parete-2\/","title":{"rendered":"M\u00e1scara de madera Boes - Merdules m\u00e1scara de pared tradicional sarda de 3 tama\u00f1os"},"content":{"rendered":"<p>M\u00e1scara mural de madera tallada<\/p>\n<p>El objeto en venta es:<\/p>\n<p>original<\/p>\n<p>completo con caja y garant\u00eda si procede<\/p>\n<p>acompa\u00f1ado de un recibo o factura, previa solicitud<\/p>","protected":false},"excerpt":{"rendered":"<p><strong>M\u00e1scara mural de madera :<\/strong><\/p>\n<ul>\n<li>De madera con incrustaciones y cord\u00f3n de cuero<\/li>\n<li>Modelo mural para decoraci\u00f3n<\/li>\n<li>Tama\u00f1o de la m\u00e1scara Peque\u00f1a 19 x 11 cm<\/li>\n<li>Tama\u00f1o de la m\u00e1scara Mediana 24 x 11 cm<\/li>\n<li>Tama\u00f1o M\u00e1scara grande 25 x 12,5 cm<\/li>\n<\/ul>","protected":false},"featured_media":12914,"comment_status":"open","ping_status":"closed","template":"","meta":[],"product_cat":[449],"product_tag":[],"class_list":{"0":"post-12910","1":"product","2":"type-product","3":"status-publish","4":"has-post-thumbnail","6":"product_cat-maschera-sarda","8":"first","9":"instock","10":"shipping-taxable","11":"purchasable","12":"product-type-variable","13":"col-xs-6 col-sm-4","14":"col-md-3 col-lg-3","15":"un-4-cols"},"_links":{"self":[{"href":"https:\/\/www.ladymsardegna.com\/es\/wp-json\/wp\/v2\/product\/12910","targetHints":{"allow":["GET"]}}],"collection":[{"href":"https:\/\/www.ladymsardegna.com\/es\/wp-json\/wp\/v2\/product"}],"about":[{"href":"https:\/\/www.ladymsardegna.com\/es\/wp-json\/wp\/v2\/types\/product"}],"replies":[{"embeddable":true,"href":"https:\/\/www.ladymsardegna.com\/es\/wp-json\/wp\/v2\/comments?post=12910"}],"wp:featuredmedia":[{"embeddable":true,"href":"https:\/\/www.ladymsardegna.com\/es\/wp-json\/wp\/v2\/media\/12914"}],"wp:attachment":[{"href":"https:\/\/www.ladymsardegna.com\/es\/wp-json\/wp\/v2\/media?parent=12910"}],"wp:term":[{"taxonomy":"product_cat","embeddable":true,"href":"https:\/\/www.ladymsardegna.com\/es\/wp-json\/wp\/v2\/product_cat?post=12910"},{"taxonomy":"product_tag","embeddable":true,"href":"https:\/\/www.ladymsardegna.com\/es\/wp-json\/wp\/v2\/product_tag?post=12910"}],"curies":[{"name":"wp","href":"https:\/\/api.w.org\/{rel}","templated":true}]}}

Máscara de madera Boes - Merdules máscara de pared tradicional sarda de 3 tamaños

<p>Máscara mural de madera tallada</p>
<p>El objeto en venta es:</p>
<p>original</p>
<p>completo con caja y garantía si procede</p>
<p>acompañado de un recibo o factura, previa solicitud</p>

<p><strong>Máscara mural de madera :</strong></p>
<ul>
<li>De madera con incrustaciones y cordón de cuero</li>
<li>Modelo mural para decoración</li>
<li>Tamaño de la máscara Pequeña 19 x 11 cm</li>
<li>Tamaño de la máscara Mediana 24 x 11 cm</li>
<li>Tamaño Máscara grande 25 x 12,5 cm</li>
</ul>
