{"id":12168,"date":"2022-04-08T18:58:19","date_gmt":"2022-04-08T16:58:19","guid":{"rendered":"https:\/\/ladymsardegna.com\/?post_type=product&#038;p=12168"},"modified":"2023-03-12T18:28:48","modified_gmt":"2023-03-12T17:28:48","slug":"pendientes-colgantes-de-rama-de-coral-con-su-coccu","status":"publish","type":"product","link":"https:\/\/www.ladymsardegna.com\/es\/negozio\/gioielli-sardi\/su-coccu-onice\/orecchini-su-coccu-onice\/orecchini-pendenti-rametti-in-corallo-con-su-coccu\/","title":{"rendered":"Pendientes Colgantes Ramitas de Coral con su coccu"},"content":{"rendered":"<p>Nos encanta ofrecer nuestros art\u00edculos de coral, cuidamos personalmente cada pieza en la elecci\u00f3n de la fabricaci\u00f3n y el cuidado de la ejecuci\u00f3n.<\/p>\n<p>Somos nosotros quienes las proponemos a los clientes, explic\u00e1ndoles la t\u00e9cnica empleada y los materiales elegidos en las fases de ejecuci\u00f3n. Contamos \"la pieza\" e intentamos satisfacer cualquier curiosidad sobre el coral,<\/p>\n<p>La joyer\u00eda sarda y su gran peso en la cultura y la fuerte identidad de Cerde\u00f1a. Por todas estas razones, el nuestro es un producto de nicho.<\/p>\n<p>Esta elecci\u00f3n nos permite mantener nuestra identidad artesanal y cuidar al m\u00e1ximo el aspecto art\u00edstico, centr\u00e1ndonos en la calidad y la originalidad de cada creaci\u00f3n.<\/p>\n<p>El objeto en venta es:<\/p>\n<p>original<\/p>\n<p>completo con caja y garant\u00eda si procede<\/p>\n<p>acompa\u00f1ado de un recibo o factura, previa solicitud<\/p>","protected":false},"excerpt":{"rendered":"<p><strong>Pendientes de coral :<\/strong><\/p>\n<ul>\n<li>Fabricado en plata 925\u2030.<\/li>\n<li>Esferas de \u00f3nice<\/li>\n<li>Ramitas de coral de varios tama\u00f1os, de 4 a 1 cm<\/li>\n<li>Di\u00e1metro del \u00f3nice 0,8 mm y 0,4 mm<\/li>\n<li>Cierre de monja<\/li>\n<li>Dimensiones del pendiente 9 x 5 cm<\/li>\n<\/ul>\n<p>&nbsp;<\/p>\n<p>&nbsp;<\/p>","protected":false},"featured_media":12169,"comment_status":"open","ping_status":"closed","template":"","meta":[],"product_cat":[183,77,203,175],"product_tag":[],"class_list":{"0":"post-12168","1":"product","2":"type-product","3":"status-publish","4":"has-post-thumbnail","6":"product_cat-corallo","7":"product_cat-gioielli-sardi","8":"product_cat-orecchini-su-coccu-onice","9":"product_cat-su-coccu-onice","11":"first","12":"instock","13":"shipping-taxable","14":"purchasable","15":"product-type-simple","16":"col-xs-6 col-sm-4","17":"col-md-3 col-lg-3","18":"un-4-cols"},"_links":{"self":[{"href":"https:\/\/www.ladymsardegna.com\/es\/wp-json\/wp\/v2\/product\/12168","targetHints":{"allow":["GET"]}}],"collection":[{"href":"https:\/\/www.ladymsardegna.com\/es\/wp-json\/wp\/v2\/product"}],"about":[{"href":"https:\/\/www.ladymsardegna.com\/es\/wp-json\/wp\/v2\/types\/product"}],"replies":[{"embeddable":true,"href":"https:\/\/www.ladymsardegna.com\/es\/wp-json\/wp\/v2\/comments?post=12168"}],"wp:featuredmedia":[{"embeddable":true,"href":"https:\/\/www.ladymsardegna.com\/es\/wp-json\/wp\/v2\/media\/12169"}],"wp:attachment":[{"href":"https:\/\/www.ladymsardegna.com\/es\/wp-json\/wp\/v2\/media?parent=12168"}],"wp:term":[{"taxonomy":"product_cat","embeddable":true,"href":"https:\/\/www.ladymsardegna.com\/es\/wp-json\/wp\/v2\/product_cat?post=12168"},{"taxonomy":"product_tag","embeddable":true,"href":"https:\/\/www.ladymsardegna.com\/es\/wp-json\/wp\/v2\/product_tag?post=12168"}],"curies":[{"name":"wp","href":"https:\/\/api.w.org\/{rel}","templated":true}]}}

<p>Nos encanta ofrecer nuestros artículos de coral, cuidamos personalmente cada pieza en la elección de la fabricación y el cuidado de la ejecución.</p>
<p>Somos nosotros quienes las proponemos a los clientes, explicándoles la técnica empleada y los materiales elegidos en las fases de ejecución. Contamos "la pieza" e intentamos satisfacer cualquier curiosidad sobre el coral,</p>
<p>La joyería sarda y su gran peso en la cultura y la fuerte identidad de Cerdeña. Por todas estas razones, el nuestro es un producto de nicho.</p>
<p>Esta elección nos permite mantener nuestra identidad artesanal y cuidar al máximo el aspecto artístico, centrándonos en la calidad y la originalidad de cada creación.</p>
<p>El objeto en venta es:</p>
<p>original</p>
<p>completo con caja y garantía si procede</p>
<p>acompañado de un recibo o factura, previa solicitud</p>

<p><strong>Pendientes de coral :</strong></p>
<ul>
<li>Fabricado en plata 925‰.</li>
<li>Esferas de ónice</li>
<li>Ramitas de coral de varios tamaños, de 4 a 1 cm</li>
<li>Diámetro del ónice 0,8 mm y 0,4 mm</li>
<li>Cierre de monja</li>
<li>Dimensiones del pendiente 9 x 5 cm</li>
</ul>
<p>&nbsp;</p>
<p>&nbsp;</p>
